{"id":1858,"date":"2025-12-12T02:27:19","date_gmt":"2025-12-11T23:27:19","guid":{"rendered":"https:\/\/grandtower.shop\/v2\/?product=naturpy-glutensiz-yuv-kinoa-ve-greckali-pirinc-patlagi-100gr"},"modified":"2026-04-02T16:26:53","modified_gmt":"2026-04-02T13:26:53","slug":"naturpy-glutensiz-yuv-kinoa-ve-greckali-pirinc-patlagi-100gr","status":"publish","type":"product","link":"https:\/\/grandtower.shop\/urun\/naturpy-glutensiz-yuv-kinoa-ve-greckali-pirinc-patlagi-100gr\/","title":{"rendered":"Naturpy Glutensiz Yuv. Kinoa Ve Gre\u00e7kal\u0131  Pirin\u00e7 Patla\u011f\u0131 100Gr"},"content":{"rendered":"","protected":false},"excerpt":{"rendered":"","protected":false},"featured_media":1857,"comment_status":"open","ping_status":"closed","template":"","meta":[],"product_brand":[269],"product_cat":[149],"product_tag":[221],"class_list":{"0":"post-1858","1":"product","2":"type-product","3":"status-publish","4":"has-post-thumbnail","6":"product_brand-naturpy","7":"product_cat-gida","8":"product_tag-kraker","10":"first","11":"instock","12":"shipping-taxable","13":"purchasable","14":"product-type-simple"},"_links":{"self":[{"href":"https:\/\/grandtower.shop\/wp-json\/wp\/v2\/product\/1858","targetHints":{"allow":["GET"]}}],"collection":[{"href":"https:\/\/grandtower.shop\/wp-json\/wp\/v2\/product"}],"about":[{"href":"https:\/\/grandtower.shop\/wp-json\/wp\/v2\/types\/product"}],"replies":[{"embeddable":true,"href":"https:\/\/grandtower.shop\/wp-json\/wp\/v2\/comments?post=1858"}],"wp:featuredmedia":[{"embeddable":true,"href":"https:\/\/grandtower.shop\/wp-json\/wp\/v2\/media\/1857"}],"wp:attachment":[{"href":"https:\/\/grandtower.shop\/wp-json\/wp\/v2\/media?parent=1858"}],"wp:term":[{"taxonomy":"product_brand","embeddable":true,"href":"https:\/\/grandtower.shop\/wp-json\/wp\/v2\/product_brand?post=1858"},{"taxonomy":"product_cat","embeddable":true,"href":"https:\/\/grandtower.shop\/wp-json\/wp\/v2\/product_cat?post=1858"},{"taxonomy":"product_tag","embeddable":true,"href":"https:\/\/grandtower.shop\/wp-json\/wp\/v2\/product_tag?post=1858"}],"curies":[{"name":"wp","href":"https:\/\/api.w.org\/{rel}","templated":true}]}}